431782537 a prime number?
True
Is 492354361 prime?
True
Is 60705311087 composite?
True
Is 126202007 composite?
False
Is 28937045851 composite?
True
Is 2107703327 prime?
True
Is 64689873589 prime?
False
Is 18913661021 composite?
False
Is 93781837 composite?
True
Is 197790023 a prime number?
True
Is 28068277387 prime?
True
Is 4835645783 prime?
True
Is 3298596953 prime?
False
Is 120513853 a prime number?
True
Is 4128548867 a prime number?
True
Is 273436781 a composite number?
False
Is 19130423297 composite?
False
Is 2127721318 a composite number?
True
Is 27966862663 composite?
False
Is 36497278901 a composite number?
False
Is 7427694317 a composite number?
True
Is 6814745569 prime?
True
Is 511699987 a prime number?
True
Is 18382054683 a composite number?
True
Is 129241523 prime?
False
Is 42919538513 a composite number?
False
Is 21829007485 a composite number?
True
Is 18975422 prime?
False
Is 46026955181 a prime number?
True
Is 1217613073 a prime number?
True
Is 10537244293 prime?
True
Is 156493343 a prime number?
False
Is 130328730145 a composite number?
True
Is 2618854591 prime?
False
Is 571276669 prime?
True
Is 5427956747 prime?
True
Is 351631697 a prime number?
True
Is 790095613 prime?
True
Is 6965854219 prime?
True
Is 49482225215 a prime number?
False
Is 3178223887 composite?
True
Is 12489870899 composite?
True
Is 6374588551 a prime number?
False
Is 7853556169 a composite number?
True
Is 2145670633 composite?
False
Is 65514031 a composite number?
True
Is 352166983 a composite number?
True
Is 2502622559 a prime number?
False
Is 5495801 a composite number?
True
Is 7339855313 prime?
False
Is 7081694569 a composite number?
False
Is 19693809521 composite?
False
Is 860695211 a composite number?
True
Is 3232560959 prime?
True
Is 6704091539 a composite number?
False
Is 231805303 a prime number?
False
Is 31592637295 a composite number?
True
Is 6666665269 a prime number?
False
Is 417459767 prime?
True
Is 17308650199 a composite number?
True
Is 1462464293 a composite number?
False
Is 43422878519 a composite number?
False
Is 14726599 composite?
False
Is 17255351 a prime number?
True
Is 7094005591 prime?
False
Is 707018369 prime?
True
Is 172267957 composite?
True
Is 72199003 prime?
False
Is 19452161 composite?
True
Is 838312187 prime?
True
Is 257786429 a composite number?
False
Is 91328291 prime?
False
Is 28612158793 a prime number?
False
Is 29233273561 prime?
True
Is 54106555687 a prime number?
False
Is 21758521469 prime?
True
Is 93739649 composite?
True
Is 7775037013 prime?
True
Is 271175281 composite?
True
Is 1030677919 a prime number?
True
Is 1694345309 a composite number?
True
Is 903162583 a prime number?
False
Is 37917562891 a composite number?
True
Is 39559067969 a composite number?
False
Is 3363719707 composite?
False
Is 2445977449 a prime number?
True
Is 159937099279 prime?
True
Is 35182678669 prime?
False
Is 1134932683 composite?
True
Is 63231603029 prime?
False
Is 30130487503 a composite number?
False
Is 222242891 composite?
True
Is 518235031 prime?
True
Is 14950514003 a prime number?
False
Is 317779501 a prime number?
False
Is 2702431513 a prime number?
False
Is 18665358121 a composite number?
False
Is 64553589259 a prime number?
False
Is 1180351061 a prime number?
False
Is 978468571 a composite number?
False
Is 356222281 a prime number?
False
Is 84318154273 composite?
False
Is 10106200159 composite?
True
Is 117603989 prime?
False
Is 635497591 prime?
True
Is 103823053 a prime number?
False
Is 35811588457 a prime number?
False
Is 70208197679 a prime number?
True
Is 10979689289 composite?
False
Is 17184889273 a composite number?
False
Is 1983822499 prime?
True
Is 19621845421 a composite number?
False
Is 189558013 a prime number?
True
Is 28352836009 a prime number?
True
Is 183585707 composite?
False
Is 535932539 a prime number?
True
Is 280451734 a prime number?
False
Is 1879178809 prime?
False
Is 4650298271 prime?
False
Is 623345207 composite?
True
Is 31621937873 prime?
True
Is 4758849371 composite?
False
Is 32695757119 a prime number?
False
Is 409860231677 a composite number?
True
Is 35095133769 a prime number?
False
Is 41544337021 composite?
True
Is 1818428387 a prime number?
True
Is 10341101843 a composite number?
True
Is 13823406869 a prime number?
True
Is 1786666537 prime?
True
Is 42606378209 a composite number?
False
Is 72345234757 prime?
True
Is 8245685537 a prime number?
True
Is 36891388463 a prime number?
True
Is 427175087 a prime number?
False
Is 78876290219 a prime number?
True
Is 682852127 a prime number?
True
Is 3105278291 a prime number?
False
Is 4016457853 prime?
True
Is 3894524567 prime?
False
Is 951869713 prime?
True
Is 2276047211 a prime number?
False
Is 971472653 a prime number?
False
Is 435575143 a composite number?
False
Is 11010574313 a composite number?
True
Is 1844219777 a prime number?
False
Is 317735479 a prime number?
True
Is 100424041 prime?
False
Is 62258153 a composite number?
False
Is 15416558279 prime?
True
Is 633402893 composite?
False
Is 12642566467 prime?
True
Is 26252382901 a prime number?
True
Is 45162925597 prime?
True
Is 838262764939 a composite number?
False
Is 2756431427 prime?
True
Is 1284856514 composite?
True
Is 12556084441 a prime number?
False
Is 2170978861 a prime number?
True
Is 3473100869 composite?
True
Is 474250883 a composite number?
True
Is 784976965 prime?
False
Is 447249893 composite?
False
Is 68648213641 composite?
True
Is 9132030631 prime?
False
Is 14693545259 composite?
True
Is 23777474723 composite?
False
Is 127357721 a prime number?
True
Is 54335253031 a composite number?
False
Is 10939016351 composite?
True
Is 28730621247 prime?
False
Is 12779901311 a composite number?
True
Is 1762515637 composite?
False
Is 1259221627 composite?
False
Is 21467401679 composite?
False
Is 9258417979 prime?
True
Is 113786677 prime?
True
Is 53043163993 prime?
True
Is 23672970613 composite?
False
Is 101214989 composite?
True
Is 42682166663 a prime number?
True
Is 127242673 a prime number?
True
Is 3090654491 prime?
True
Is 736721779 a composite number?
False
Is 24028719443 a prime number?
False
Is 21831274583 prime?
True
Is 5580426079 prime?
False
Is 282306248863 composite?
False
Is 4258557133 prime?
False
Is 1394340781 a composite number?
False
Is 68141901673 a composite number?
False
Is 1365661673 prime?
True
Is 42996258079 a prime number?
False
Is 4971606197 a composite number?
False
Is 48478568539 composite?
True
Is 5300984303 a composite number?
False
Is 4004397949 a composite number?
True
Is 81673637003 a composite number?
True
Is 350041717 composite?
True
Is 19062740819 a prime number?
True
Is 3158400547 prime?
True
Is 4985719 a prime number?
False
Is 71210635481 a prime number?
False
Is 6248924977 a prime number?
False
Is 9780681601 composite?
True
Is 624296963 a prime number?
True
Is 307867043 a prime number?
False
Is 295941860987 a composite number?
False
Is 44819343001 a prime number?
False
Is 101541553753 a prime number?
False
Is 12493213069 composite?
True
Is 607064023 a prime number?
False
Is 605669639 composite?
False
Is 788031227 a composite number?
False
Is 712512161 a prime number?
False
Is 26361422403 a prime number?
False
Is 24294154259 composite?
True
Is 35937003419 prime?
True
Is 8218320731 a prime number?
True
Is 4588378819 a composite number?
False
Is 990166873 composite?
True
Is 1068683999 a composite number?
False
Is 1307968565 prime?
False
Is 176823889 a composite number?
True
Is 180270281 a prime number?
True
Is 1745786447 a composite number?
False
Is 9309195641 a prime number?
True
Is 226248851 prime?
False
Is 10090259017 a composite number?
False
Is 456727223 composite?
True
Is 16981332971 a prime number?
True
Is 222938142617 a prime number?
False
Is 2496747821 a prime number?
False
Is 3324745451 prime?
True
Is 190597236455 a prime number?
False
Is 1115071246 a composite number?
True
Is 3971288947 a composite number?
False
Is 42373005193 a prime number?
True
Is 1934361211 composite?
False
Is 32164453859 a prime number?
False
Is 4492727329 composite?
False
Is 338109929 a prime number?
True
Is 486143669 a composite number?
True
Is 2770654947 a composite number?
True
Is 4606912231 prime?
True
Is 74754365041 composite?
False
Is 4489659679 prime?
False
Is 11373537493 a composite n